{"id":867,"date":"2019-12-14T16:21:32","date_gmt":"2019-12-14T15:21:32","guid":{"rendered":"http:\/\/www.les-cerfs-volants.com\/?page_id=867"},"modified":"2020-11-16T17:25:46","modified_gmt":"2020-11-16T16:25:46","slug":"ethymologie","status":"publish","type":"page","link":"https:\/\/www.les-cerfs-volants.com\/index.php\/ethymologie\/","title":{"rendered":"Ethymologie"},"content":{"rendered":"\t\t<div data-elementor-type=\"wp-page\" data-elementor-id=\"867\" class=\"elementor elementor-867\" data-elementor-settings=\"[]\">\n\t\t\t<div class=\"elementor-inner\">\n\t\t\t\t<div class=\"elementor-section-wrap\">\n\t\t\t\t\t\t\t<section class=\"elementor-element elementor-element-1b2bda5 elementor-section-boxed elementor-section-height-default elementor-section-height-default elementor-section elementor-top-section\" data-id=\"1b2bda5\" data-element_type=\"section\">\n\t\t\t\t\t\t<div class=\"elementor-container elementor-column-gap-default\">\n\t\t\t\t<div class=\"elementor-row\">\n\t\t\t\t<div class=\"elementor-element elementor-element-e6be1ae elementor-column elementor-col-100 elementor-top-column\" data-id=\"e6be1ae\" data-element_type=\"column\">\n\t\t\t<div class=\"elementor-column-wrap  elementor-element-populated\">\n\t\t\t\t\t<div class=\"elementor-widget-wrap\">\n\t\t\t\t<div class=\"elementor-element elementor-element-5cf75b4 elementor-widget elementor-widget-text-editor\" data-id=\"5cf75b4\" data-element_type=\"widget\" data-widget_type=\"text-editor.default\">\n\t\t\t\t<div class=\"elementor-widget-container\">\n\t\t\t\t\t<div class=\"elementor-text-editor elementor-clearfix\"><p><strong><span style=\"color: #3b536b;\"><span style=\"font-size: large;\">Le mot cerf-volant<\/span><\/span><\/strong><\/p><p class=\"western\" lang=\"fr-FR\" align=\"justify\"><strong><span style=\"color: #3b536b;\"><span style=\"font-size: large;\">En Allemagne, on dit que l&#8217;automne, c&#8217;est la saison des cerfs-volants. Probablement parce qu&#8217;il y a beaucoup de vent en automne. C&#8217;est un divertissement tr\u00e8s po\u00e9tique. En allemand, les cerfs-volants s&#8217;appellent &#8216;Drachen&#8217;, des dragons.<\/span><\/span><\/strong><\/p><p class=\"western\" lang=\"fr-FR\" align=\"justify\"><strong><span style=\"color: #3b536b;\"><span style=\"font-size: large;\">Et en fait, ce losange qu&#8217;on fait monter dans le ciel, c&#8217;est une t\u00eate de dragon stylis\u00e9e, r\u00e9duite \u00e0 ses contours g\u00e9om\u00e9triques. Mais ce mot fran\u00e7ais, cerf-volant, d&#8217;o\u00f9 vient-il? : des cerfs qui volent? \u00c9trange.<\/span><\/span><\/strong><\/p><p class=\"western\" lang=\"fr-FR\" align=\"justify\"><strong><span style=\"color: #3b536b;\"><span style=\"font-size: large;\">Les dragons<\/span><\/span><\/strong><\/p><p class=\"western\" lang=\"fr-FR\" align=\"justify\"><strong><span style=\"color: #3b536b;\"><span style=\"font-size: large;\">Tournons-nous d&#8217;abord <\/span><\/span><span style=\"color: #3b536b;\"><span style=\"font-size: large;\">vers les dragons<\/span><\/span><span style=\"color: #3b536b;\"><span style=\"font-size: large;\">. Dans la mythologie europ\u00e9enne, ce sont des animaux cruels, un genre de dinosaure qui crache du feu par son \u00e9pouvantable gueule et qui enl\u00e8ve les princesses. Cela n&#8217;a rien \u00e0 voir avec le ballet gracieux des cerfs-volants. Les &#8216;dragons&#8217;, en fran\u00e7ais, c&#8217;\u00e9taient aussi les soldats de la cavalerie. En Allemand, on les appelait &#8216;Dragoner&#8217;, un mot venu du fran\u00e7ais. <\/span><\/span><span style=\"color: #3b536b;\"><span style=\"font-size: large;\">Pourquoi ce nom?<\/span><\/span><span style=\"color: #3b536b;\"><span style=\"font-size: large;\"> Car des dragons \u00e9taient dessin\u00e9s sur leurs \u00e9tendards, probablement pour faire peur aux ennemis. Dans nos deux langues, on appelle d&#8217;ailleurs dragons ou Drachen\u201c des personnes d\u00e9sagr\u00e9ables et intraitables, une ma\u00eetresse d&#8217;\u00e9cole trop s\u00e9v\u00e8re, ou bien une concierge acari\u00e2tre. Un vrai dragon!<\/span><\/span><\/strong><\/p><p class=\"western\" lang=\"fr-FR\" align=\"justify\"><strong><span style=\"color: #3b536b;\"><span style=\"font-size: large;\">Les cerfs-volants<\/span><\/span><\/strong><\/p><p class=\"western\" lang=\"fr-FR\" align=\"justify\"><strong><span style=\"color: #3b536b;\"><span style=\"font-size: large;\">Bon, revenons aux cerfs-volants, <\/span><\/span><span style=\"color: #3b536b;\"><span style=\"font-size: large;\">cette coutume nous vient de l&#8217;Orient<\/span><\/span><span style=\"color: #3b536b;\"><span style=\"font-size: large;\">. L\u00e0, on les fait monter dans le ciel pour marquer les jours de f\u00eate, le nouvel an, les anniversaires, le d\u00e9but du printemps&#8230; Ces <\/span><\/span><span style=\"color: #3b536b;\"><span style=\"font-size: large;\">cerfs-volants<\/span><\/span><span style=\"color: #3b536b;\"><span style=\"font-size: large;\"> sont souvent de grandes constructions en papier, compos\u00e9s de plusieurs parties qui forment un grand corps volant. Et en fait, dans la mythologie asiatique, le dragon n&#8217;est pas seulement un \u00eatre d\u00e9moniaque qu&#8217;il faut combattre. Non, dans ces cultures, le dragon est aussi un symbole de sagesse et un porte-bonheur. Dans l&#8217;art asiatique, on le repr\u00e9sente m\u00eame souvent avec un large sourire!<\/span><\/span><\/strong><\/p><p class=\"western\" lang=\"fr-FR\" align=\"justify\"><strong><span style=\"color: #3b536b;\"><span style=\"font-size: large;\">Mais tout cela ne nous explique toujours pas l&#8217;origine du mot fran\u00e7ais &#8216;cerf-volant&#8217;. Aucune mythologie ne parle d&#8217;un cerf qui volerait. Et il n&#8217;a rien \u00e0 voir non plus avec les rennes volants du p\u00e8re no\u00ebl am\u00e9ricain. Non, dans la mythologie europ\u00e9enne, les dragons avaient souvent un corps de serpent ail\u00e9, or il existe un ancien mot latin pour d\u00e9signer le serpent, c&#8217;est le mot &#8216;serps&#8217;. Probablement l&#8217;a-t-on prononc\u00e9 &#8216;cerf&#8217; puis \u00e9crit aussi &#8216;cerf&#8217; comme le cerf, l&#8217;animal qui porte des bois. Ainsi, ce ne sont pas des cerfs qui volent, mai bel et bien des dragons !<\/span><\/span><\/strong><\/p><p class=\"western\" lang=\"fr-FR\"><strong><span style=\"color: #3b536b;\"><span style=\"font-size: large;\"><i>(Texte : Hinrich Schmidt-Henkel)<\/i><\/span><\/span><\/strong><\/p><\/div>\n\t\t\t\t<\/div>\n\t\t\t\t<\/div>\n\t\t\t\t\t\t<\/div>\n\t\t\t<\/div>\n\t\t<\/div>\n\t\t\t\t\t\t<\/div>\n\t\t\t<\/div>\n\t\t<\/section>\n\t\t\t\t\t\t<\/div>\n\t\t\t<\/div>\n\t\t<\/div>\n\t\t","protected":false},"excerpt":{"rendered":"<p>Le mot cerf-volant En Allemagne, on dit que l&#8217;automne, c&#8217;est la saison des cerfs-volants. Probablement parce qu&#8217;il y a beaucoup de vent en automne. C&#8217;est&hellip;<\/p>\n","protected":false},"author":1,"featured_media":918,"parent":0,"menu_order":0,"comment_status":"closed","ping_status":"closed","template":"","meta":[],"_links":{"self":[{"href":"https:\/\/www.les-cerfs-volants.com\/index.php\/wp-json\/wp\/v2\/pages\/867"}],"collection":[{"href":"https:\/\/www.les-cerfs-volants.com\/index.php\/wp-json\/wp\/v2\/pages"}],"about":[{"href":"https:\/\/www.les-cerfs-volants.com\/index.php\/wp-json\/wp\/v2\/types\/page"}],"author":[{"embeddable":true,"href":"https:\/\/www.les-cerfs-volants.com\/index.php\/wp-json\/wp\/v2\/users\/1"}],"replies":[{"embeddable":true,"href":"https:\/\/www.les-cerfs-volants.com\/index.php\/wp-json\/wp\/v2\/comments?post=867"}],"version-history":[{"count":4,"href":"https:\/\/www.les-cerfs-volants.com\/index.php\/wp-json\/wp\/v2\/pages\/867\/revisions"}],"predecessor-version":[{"id":920,"href":"https:\/\/www.les-cerfs-volants.com\/index.php\/wp-json\/wp\/v2\/pages\/867\/revisions\/920"}],"wp:featuredmedia":[{"embeddable":true,"href":"https:\/\/www.les-cerfs-volants.com\/index.php\/wp-json\/wp\/v2\/media\/918"}],"wp:attachment":[{"href":"https:\/\/www.les-cerfs-volants.com\/index.php\/wp-json\/wp\/v2\/media?parent=867"}],"curies":[{"name":"wp","href":"https:\/\/api.w.org\/{rel}","templated":true}]}}

<div data-elementor-type="wp-page" data-elementor-id="867" class="elementor elementor-867" data-elementor-settings="[]">
			<div class="elementor-inner">
				<div class="elementor-section-wrap">
							<section class="elementor-element elementor-element-1b2bda5 elementor-section-boxed elementor-section-height-default elementor-section-height-default elementor-section elementor-top-section" data-id="1b2bda5" data-element_type="section">
						<div class="elementor-container elementor-column-gap-default">
				<div class="elementor-row">
				<div class="elementor-element elementor-element-e6be1ae elementor-column elementor-col-100 elementor-top-column" data-id="e6be1ae" data-element_type="column">
			<div class="elementor-column-wrap  elementor-element-populated">
					<div class="elementor-widget-wrap">
				<div class="elementor-element elementor-element-5cf75b4 elementor-widget elementor-widget-text-editor" data-id="5cf75b4" data-element_type="widget" data-widget_type="text-editor.default">
				<div class="elementor-widget-container">
					<div class="elementor-text-editor elementor-clearfix"><p><strong><span style="color: #3b536b;"><span style="font-size: large;">Le mot cerf-volant</span></span></strong></p><p class="western" lang="fr-FR" align="justify"><strong><span style="color: #3b536b;"><span style="font-size: large;">En Allemagne, on dit que l&#8217;automne, c&#8217;est la saison des cerfs-volants. Probablement parce qu&#8217;il y a beaucoup de vent en automne. C&#8217;est un divertissement très poétique. En allemand, les cerfs-volants s&#8217;appellent &#8216;Drachen&#8217;, des dragons.</span></span></strong></p><p class="western" lang="fr-FR" align="justify"><strong><span style="color: #3b536b;"><span style="font-size: large;">Et en fait, ce losange qu&#8217;on fait monter dans le ciel, c&#8217;est une tête de dragon stylisée, réduite à ses contours géométriques. Mais ce mot français, cerf-volant, d&#8217;où vient-il? : des cerfs qui volent? Étrange.</span></span></strong></p><p class="western" lang="fr-FR" align="justify"><strong><span style="color: #3b536b;"><span style="font-size: large;">Les dragons</span></span></strong></p><p class="western" lang="fr-FR" align="justify"><strong><span style="color: #3b536b;"><span style="font-size: large;">Tournons-nous d&#8217;abord </span></span><span style="color: #3b536b;"><span style="font-size: large;">vers les dragons</span></span><span style="color: #3b536b;"><span style="font-size: large;">. Dans la mythologie européenne, ce sont des animaux cruels, un genre de dinosaure qui crache du feu par son épouvantable gueule et qui enlève les princesses. Cela n&#8217;a rien à voir avec le ballet gracieux des cerfs-volants. Les &#8216;dragons&#8217;, en français, c&#8217;étaient aussi les soldats de la cavalerie. En Allemand, on les appelait &#8216;Dragoner&#8217;, un mot venu du français. </span></span><span style="color: #3b536b;"><span style="font-size: large;">Pourquoi ce nom?</span></span><span style="color: #3b536b;"><span style="font-size: large;"> Car des dragons étaient dessinés sur leurs étendards, probablement pour faire peur aux ennemis. Dans nos deux langues, on appelle d&#8217;ailleurs dragons ou Drachen“ des personnes désagréables et intraitables, une maîtresse d&#8217;école trop sévère, ou bien une concierge acariâtre. Un vrai dragon!</span></span></strong></p><p class="western" lang="fr-FR" align="justify"><strong><span style="color: #3b536b;"><span style="font-size: large;">Les cerfs-volants</span></span></strong></p><p class="western" lang="fr-FR" align="justify"><strong><span style="color: #3b536b;"><span style="font-size: large;">Bon, revenons aux cerfs-volants, </span></span><span style="color: #3b536b;"><span style="font-size: large;">cette coutume nous vient de l&#8217;Orient</span></span><span style="color: #3b536b;"><span style="font-size: large;">. Là, on les fait monter dans le ciel pour marquer les jours de fête, le nouvel an, les anniversaires, le début du printemps&#8230; Ces </span></span><span style="color: #3b536b;"><span style="font-size: large;">cerfs-volants</span></span><span style="color: #3b536b;"><span style="font-size: large;"> sont souvent de grandes constructions en papier, composés de plusieurs parties qui forment un grand corps volant. Et en fait, dans la mythologie asiatique, le dragon n&#8217;est pas seulement un être démoniaque qu&#8217;il faut combattre. Non, dans ces cultures, le dragon est aussi un symbole de sagesse et un porte-bonheur. Dans l&#8217;art asiatique, on le représente même souvent avec un large sourire!</span></span></strong></p><p class="western" lang="fr-FR" align="justify"><strong><span style="color: #3b536b;"><span style="font-size: large;">Mais tout cela ne nous explique toujours pas l&#8217;origine du mot français &#8216;cerf-volant&#8217;. Aucune mythologie ne parle d&#8217;un cerf qui volerait. Et il n&#8217;a rien à voir non plus avec les rennes volants du père noël américain. Non, dans la mythologie européenne, les dragons avaient souvent un corps de serpent ailé, or il existe un ancien mot latin pour désigner le serpent, c&#8217;est le mot &#8216;serps&#8217;. Probablement l&#8217;a-t-on prononcé &#8216;cerf&#8217; puis écrit aussi &#8216;cerf&#8217; comme le cerf, l&#8217;animal qui porte des bois. Ainsi, ce ne sont pas des cerfs qui volent, mai bel et bien des dragons !</span></span></strong></p><p class="western" lang="fr-FR"><strong><span style="color: #3b536b;"><span style="font-size: large;"><i>(Texte : Hinrich Schmidt-Henkel)</i></span></span></strong></p></div>
				</div>
				</div>
						</div>
			</div>
		</div>
						</div>
			</div>
		</section>
						</div>
			</div>
		</div>
