{"id":865,"date":"2019-12-14T16:21:31","date_gmt":"2019-12-14T15:21:31","guid":{"rendered":"http:\/\/www.les-cerfs-volants.com\/?page_id=865"},"modified":"2020-11-16T17:23:04","modified_gmt":"2020-11-16T16:23:04","slug":"histoire","status":"publish","type":"page","link":"https:\/\/www.les-cerfs-volants.com\/index.php\/histoire\/","title":{"rendered":"Histoire"},"content":{"rendered":"\t\t<div data-elementor-type=\"wp-page\" data-elementor-id=\"865\" class=\"elementor elementor-865\" data-elementor-settings=\"[]\">\n\t\t\t<div class=\"elementor-inner\">\n\t\t\t\t<div class=\"elementor-section-wrap\">\n\t\t\t\t\t\t\t<section class=\"elementor-element elementor-element-7c0c880 elementor-section-boxed elementor-section-height-default elementor-section-height-default elementor-section elementor-top-section\" data-id=\"7c0c880\" data-element_type=\"section\">\n\t\t\t\t\t\t<div class=\"elementor-container elementor-column-gap-default\">\n\t\t\t\t<div class=\"elementor-row\">\n\t\t\t\t<div class=\"elementor-element elementor-element-390ad51 elementor-column elementor-col-100 elementor-top-column\" data-id=\"390ad51\" data-element_type=\"column\">\n\t\t\t<div class=\"elementor-column-wrap  elementor-element-populated\">\n\t\t\t\t\t<div class=\"elementor-widget-wrap\">\n\t\t\t\t<div class=\"elementor-element elementor-element-85a1a78 elementor-widget elementor-widget-text-editor\" data-id=\"85a1a78\" data-element_type=\"widget\" data-widget_type=\"text-editor.default\">\n\t\t\t\t<div class=\"elementor-widget-container\">\n\t\t\t\t\t<div class=\"elementor-text-editor elementor-clearfix\"><p style=\"text-align: center;\"><strong><span style=\"font-family: Times New Roman, serif;\"><span style=\"font-size: large;\">AUTOUR DU VENT<\/span><\/span><\/strong><\/p><p align=\"justify\"><strong><span style=\"font-family: Times New Roman, serif;\"><span style=\"font-size: large;\">Le cerf-volant ne r\u00e9siste pas au temps, il l\u2019accompagne.<\/span><\/span><\/strong><\/p><p align=\"justify\"><strong><span style=\"font-family: Times New Roman, serif;\"><span style=\"font-size: large;\">Depuis des si\u00e8cles, il fait partie de notre histoire, il passe dans les courants, les cultures et ne conna\u00eet pas de fronti\u00e8res. Pour le bonheur d\u2019un envol ou pour la recherche scientifique, de la Chine Imp\u00e9riale \u00e0 la conqu\u00eate de l\u2019espace, le cerf-volant adapte ses formes et ses structures. <\/span><\/span><\/strong><\/p><p align=\"justify\"><strong><span style=\"font-family: Times New Roman, serif;\"><span style=\"font-size: large;\">Futile le cerf-volant ? Peut-\u00eatre.<\/span><\/span><\/strong><\/p><p align=\"justify\"><strong><span style=\"font-family: Times New Roman, serif;\"><span style=\"font-size: large;\">Le cerf-volant est avant tout un objet multiforme et multi-usage qui s\u2019adapte aux plaisirs et aux ambitions de ceux qui l\u2019adoptent. <\/span><\/span><\/strong><\/p><p align=\"justify\"><strong><span style=\"font-family: Times New Roman, serif;\"><span style=\"font-size: large;\">Du losange de papier et de bambou aux ailes de traction, chacun peut \u00e0 sa mani\u00e8re, le faire \u00e9voluer.<\/span><\/span><\/strong><\/p><p align=\"justify\"><strong><span style=\"font-family: Times New Roman, serif;\"><span style=\"font-size: large;\">Le cerf-volant est le pr\u00e9texte \u00e0 toutes les cr\u00e9ations, il est un support privil\u00e9gi\u00e9 pour les apprentissages.<\/span><\/span><\/strong><\/p><p align=\"justify\"><strong><span style=\"font-family: Times New Roman, serif;\"><span style=\"font-size: large;\">Par un d\u00e9tour ludique, il permet d\u2019aborder les connaissances de base en g\u00e9om\u00e9trie, calcul et math\u00e9matiques mais aussi en histoire des peuples et en langues vivantes. <\/span><\/span><\/strong><\/p><p align=\"justify\"><strong><span style=\"font-family: Times New Roman, serif;\"><span style=\"font-size: large;\">Avec ses imp\u00e9ratifs de fonctionnement (en fin de compte il doit voler !), <\/span><\/span><\/strong><\/p><p align=\"justify\"><strong><span style=\"font-family: Times New Roman, serif;\"><span style=\"font-size: large;\">le cerf-volant impose \u00e0 l\u2019intervenant des r\u00e8gles d\u2019organisation tr\u00e8s strictes.<\/span><\/span><\/strong><\/p><p align=\"justify\"><strong><span style=\"font-family: Times New Roman, serif;\"><span style=\"font-size: large;\">La construction de cerfs-volants met en jeu des notions de g\u00e9om\u00e9trie et de calcul adaptables aux diff\u00e9rents cycles de l\u2019enseignement. <\/span><\/span><\/strong><\/p><p align=\"justify\"><strong><span style=\"font-family: Times New Roman, serif;\"><span style=\"font-size: large;\">Leur d\u00e9coration, c\u2019est bien s\u00fbr l\u2019occasion de travailler le dessin, la couleur et le rapport de l\u2019esth\u00e9tique \u00e0 l\u2019espace. <\/span><\/span><\/strong><\/p><p align=\"justify\"><strong><span style=\"font-family: Times New Roman, serif;\"><span style=\"font-size: large;\">L\u2019envol des cerfs-volants, c\u2019est le domaine des ph\u00e9nom\u00e8nes naturels et de la compr\u00e9hension du vent, de sa force, de sa direction.<\/span><\/span><\/strong><\/p><p align=\"justify\"><strong><span style=\"font-family: Times New Roman, serif;\"><span style=\"font-size: large;\">Parce qu\u2019il est multiforme, le cerf-volant se pr\u00eate \u00e0 toutes les envies et colle aux capacit\u00e9s et aux difficult\u00e9s des jeunes.<\/span><\/span><\/strong><\/p><p align=\"justify\"><strong><span style=\"font-family: Times New Roman, serif;\"><span style=\"font-size: large;\">C\u2019est un objet interm\u00e9diaire qui se pr\u00eate \u00e0 toutes les activit\u00e9s de groupe, de loisirs sportifs ou de d\u00e9tente (la famille peut se retrouver et partager la m\u00eame activit\u00e9), mais aussi un support de cr\u00e9ation artistique.<\/span><\/span><\/strong><\/p><p align=\"justify\"><strong><span style=\"font-family: Times New Roman, serif;\"><span style=\"font-size: large;\">Les \u00e9tapes de travail individuelles et collectives et la forte motivation que provoque l\u2019ach\u00e8vement du projet (l\u2019envol du cerf-volant), imposent des r\u00e8gles d\u2019organisation que m\u00eame des personnes qui ont habituellement des difficult\u00e9s \u00e0 se concentrer sur une activit\u00e9 acceptent de respecter.<\/span><\/span><\/strong><\/p><p align=\"justify\"><strong><span style=\"font-family: Times New Roman, serif;\"><span style=\"font-size: large;\">Le cerf-volant c\u2019est l\u2019\u00e9quilibre d\u2019un ensemble : il vole gr\u00e2ce au juste assemblage de ses composants, mais aussi parce que le cerf-voliste sait ma\u00eetriser ses gestes et ses \u00e9motions, et parce qu\u2019en \u00e9tant reli\u00e9 \u00e0 un fil on l\u2019est aussi aux projets des autres. <\/span><\/span><\/strong><\/p><p align=\"justify\"><strong><span style=\"font-family: Times New Roman, serif;\"><span style=\"font-size: large;\">Le cerf-volant c\u2019est en fin de compte une certaine fa\u00e7on d\u2019\u00eatre avec les autres.<\/span><\/span><\/strong><\/p><\/div>\n\t\t\t\t<\/div>\n\t\t\t\t<\/div>\n\t\t\t\t\t\t<\/div>\n\t\t\t<\/div>\n\t\t<\/div>\n\t\t\t\t\t\t<\/div>\n\t\t\t<\/div>\n\t\t<\/section>\n\t\t\t\t\t\t<\/div>\n\t\t\t<\/div>\n\t\t<\/div>\n\t\t","protected":false},"excerpt":{"rendered":"<p>AUTOUR DU VENT Le cerf-volant ne r\u00e9siste pas au temps, il l\u2019accompagne. Depuis des si\u00e8cles, il fait partie de notre histoire, il passe dans les&hellip;<\/p>\n","protected":false},"author":1,"featured_media":918,"parent":0,"menu_order":0,"comment_status":"closed","ping_status":"closed","template":"","meta":[],"_links":{"self":[{"href":"https:\/\/www.les-cerfs-volants.com\/index.php\/wp-json\/wp\/v2\/pages\/865"}],"collection":[{"href":"https:\/\/www.les-cerfs-volants.com\/index.php\/wp-json\/wp\/v2\/pages"}],"about":[{"href":"https:\/\/www.les-cerfs-volants.com\/index.php\/wp-json\/wp\/v2\/types\/page"}],"author":[{"embeddable":true,"href":"https:\/\/www.les-cerfs-volants.com\/index.php\/wp-json\/wp\/v2\/users\/1"}],"replies":[{"embeddable":true,"href":"https:\/\/www.les-cerfs-volants.com\/index.php\/wp-json\/wp\/v2\/comments?post=865"}],"version-history":[{"count":4,"href":"https:\/\/www.les-cerfs-volants.com\/index.php\/wp-json\/wp\/v2\/pages\/865\/revisions"}],"predecessor-version":[{"id":919,"href":"https:\/\/www.les-cerfs-volants.com\/index.php\/wp-json\/wp\/v2\/pages\/865\/revisions\/919"}],"wp:featuredmedia":[{"embeddable":true,"href":"https:\/\/www.les-cerfs-volants.com\/index.php\/wp-json\/wp\/v2\/media\/918"}],"wp:attachment":[{"href":"https:\/\/www.les-cerfs-volants.com\/index.php\/wp-json\/wp\/v2\/media?parent=865"}],"curies":[{"name":"wp","href":"https:\/\/api.w.org\/{rel}","templated":true}]}}